{"id":2570,"date":"2015-04-07T10:21:14","date_gmt":"2015-04-07T10:21:14","guid":{"rendered":"http:\/\/www.macerataracconta.it\/wordpress\/?page_id=2570"},"modified":"2015-04-18T09:21:30","modified_gmt":"2015-04-25T07:21:30","slug":"francesco-maino","status":"publish","type":"page","link":"https:\/\/www.macerataracconta.it\/wordpress\/edizioni-precedenti\/edizione-2015\/schede-eventi\/francesco-maino\/","title":{"rendered":"Francesco Maino"},"content":{"rendered":"<p style=\"text-align: justify;\"><a href=\"https:\/\/www.macerataracconta.it\/wordpress\/?attachment_id=2572\" rel=\"attachment wp-att-2572\"><img loading=\"lazy\" decoding=\"async\" class=\"alignleft size-medium wp-image-2572\" alt=\"Maino\" src=\"https:\/\/www.macerataracconta.it\/wordpress\/wp-content\/uploads\/2015\/04\/Maino-262x300.jpg\" width=\"262\" height=\"300\" srcset=\"https:\/\/www.macerataracconta.it\/wordpress\/wp-content\/uploads\/2015\/04\/Maino-262x300.jpg 262w, https:\/\/www.macerataracconta.it\/wordpress\/wp-content\/uploads\/2015\/04\/Maino-332x379.jpg 332w, https:\/\/www.macerataracconta.it\/wordpress\/wp-content\/uploads\/2015\/04\/Maino.jpg 350w\" sizes=\"(max-width: 262px) 100vw, 262px\" \/><\/a>Nome nuovo nel panorama letterario italiano, ma destinato a durare.\u00a0Cartongesso, il suo libro d\u2019esordio, che presenter\u00e0 a Macerata in forma scenica accompagnato dalla musica dal vivo dei Margareth,\u00a0ha vinto il Premio Calvino 2013, e cio\u00e8 il premio dedicato ai libri inediti che nelle edizioni passate ha visto spiccare nomi che si sono imposti nel panorama letterario nazionale, tra cui quelli di Marcello Fois, Susanna Tamaro, Paola Mastrocola, Mariapia Veladiano e Fulvio Ervas. La Giuria decide di assegnare il Premio Calvino 2013 a\u00a0Cartongesso\u00a0di Francesco Maino\u00a0per la sua natura felicemente ibrida\u00a0e per la straordinaria potenza inventiva della lingua.\u00a0 Non \u00e8 un romanzo n\u00e9 un saggio n\u00e9 un pamphlet, \u00e8 un difficile azzardo che nulla toglie alla sua capacit\u00e0 di coinvolgimento.\u00a0L&#8217;autore lo presenter\u00e0 a <b>Macerata Racconta<\/b> in forma scenica, accompagnato dalla musica dal vivo dei Margareth.<\/p>\n<p style=\"text-align: justify;\"><strong>IL LIBRO<\/strong><br \/>\n<a href=\"https:\/\/www.macerataracconta.it\/wordpress\/?attachment_id=2571\" rel=\"attachment wp-att-2571\"><img loading=\"lazy\" decoding=\"async\" class=\"alignright size-medium wp-image-2571\" alt=\"Copertina-Maino\" src=\"https:\/\/www.macerataracconta.it\/wordpress\/wp-content\/uploads\/2015\/04\/Copertina-Maino-189x300.jpg\" width=\"189\" height=\"300\" srcset=\"https:\/\/www.macerataracconta.it\/wordpress\/wp-content\/uploads\/2015\/04\/Copertina-Maino-189x300.jpg 189w, https:\/\/www.macerataracconta.it\/wordpress\/wp-content\/uploads\/2015\/04\/Copertina-Maino.jpg 252w\" sizes=\"(max-width: 189px) 100vw, 189px\" \/><\/a>Michele Tessari \u00e8 un avvocato che avvocato non vuole essere, ex necroforo, affetto da un disturbo bipolare, intrappolato nella vita come una cavia isterica ma consenziente, persino complice. Un &#8220;complice debole&#8221; del mondo in cui \u00e8 immerso. Il disfacimento della sua terra si rispecchia in quello della sua esistenza, inquinata da un odio &#8220;che cammina come l&#8217;infezione, dalle caviglie alla bocca&#8221;, dove si trasforma in grido. E quel grido investe la classe politica, le carceri, la giustizia, il sistema universitario, gi\u00f9 gi\u00f9 fino ai singoli individui, fino al narratore stesso, imbibito degli stessi mali contro cui si scaglia. \u00c8 un grido modulato da una scrittura apocalittica, con una portentosa violenza evocativa. Non c&#8217;\u00e8 consolazione in queste pagine, nessuna catarsi: solo letteratura. E, in letteratura, &#8220;coraggio&#8221; \u00e8 soprattutto raccontare la verit\u00e0. &#8220;Questo \u00e8 il paese delle cose che stanno morendo. No. Questo \u00e8 il paese dei corpi. Un paese pieno di corpi. Corpi che si svegliano morti, escono morti di casa, tornano morti; corpi che parcheggiano, scendono, sputano, corpi che si salutano, sbadigliano, bestemmiano sempre, fatturano. Corpi camminanti&#8221;.<\/p>\n","protected":false},"excerpt":{"rendered":"<p>Nome nuovo nel panorama letterario italiano, ma destinato a durare.\u00a0Cartongesso, il suo libro d\u2019esordio, che presenter\u00e0 a Macerata in forma scenica accompagnato dalla musica dal vivo dei Margareth,\u00a0ha vinto il Premio Calvino 2013, e cio\u00e8 il premio dedicato ai libri inediti che nelle edizioni passate ha visto spiccare nomi che si sono imposti nel panorama [&hellip;]<\/p>\n","protected":false},"author":1,"featured_media":0,"parent":2393,"menu_order":15,"comment_status":"closed","ping_status":"closed","template":"","meta":{"footnotes":""},"_links":{"self":[{"href":"https:\/\/www.macerataracconta.it\/wordpress\/wp-json\/wp\/v2\/pages\/2570"}],"collection":[{"href":"https:\/\/www.macerataracconta.it\/wordpress\/wp-json\/wp\/v2\/pages"}],"about":[{"href":"https:\/\/www.macerataracconta.it\/wordpress\/wp-json\/wp\/v2\/types\/page"}],"author":[{"embeddable":true,"href":"https:\/\/www.macerataracconta.it\/wordpress\/wp-json\/wp\/v2\/users\/1"}],"replies":[{"embeddable":true,"href":"https:\/\/www.macerataracconta.it\/wordpress\/wp-json\/wp\/v2\/comments?post=2570"}],"version-history":[{"count":4,"href":"https:\/\/www.macerataracconta.it\/wordpress\/wp-json\/wp\/v2\/pages\/2570\/revisions"}],"predecessor-version":[{"id":2761,"href":"https:\/\/www.macerataracconta.it\/wordpress\/wp-json\/wp\/v2\/pages\/2570\/revisions\/2761"}],"up":[{"embeddable":true,"href":"https:\/\/www.macerataracconta.it\/wordpress\/wp-json\/wp\/v2\/pages\/2393"}],"wp:attachment":[{"href":"https:\/\/www.macerataracconta.it\/wordpress\/wp-json\/wp\/v2\/media?parent=2570"}],"curies":[{"name":"wp","href":"https:\/\/api.w.org\/{rel}","templated":true}]}}

<p style="text-align: justify;"><a href="https://www.macerataracconta.it/wordpress/?attachment_id=2572" rel="attachment wp-att-2572"><img loading="lazy" decoding="async" class="alignleft size-medium wp-image-2572" alt="Maino" src="https://www.macerataracconta.it/wordpress/wp-content/uploads/2015/04/Maino-262x300.jpg" width="262" height="300" srcset="https://www.macerataracconta.it/wordpress/wp-content/uploads/2015/04/Maino-262x300.jpg 262w, https://www.macerataracconta.it/wordpress/wp-content/uploads/2015/04/Maino-332x379.jpg 332w, https://www.macerataracconta.it/wordpress/wp-content/uploads/2015/04/Maino.jpg 350w" sizes="(max-width: 262px) 100vw, 262px" /></a>Nome nuovo nel panorama letterario italiano, ma destinato a durare. Cartongesso, il suo libro d’esordio, che presenterà a Macerata in forma scenica accompagnato dalla musica dal vivo dei Margareth, ha vinto il Premio Calvino 2013, e cioè il premio dedicato ai libri inediti che nelle edizioni passate ha visto spiccare nomi che si sono imposti nel panorama letterario nazionale, tra cui quelli di Marcello Fois, Susanna Tamaro, Paola Mastrocola, Mariapia Veladiano e Fulvio Ervas. La Giuria decide di assegnare il Premio Calvino 2013 a Cartongesso di Francesco Maino per la sua natura felicemente ibrida e per la straordinaria potenza inventiva della lingua.  Non è un romanzo né un saggio né un pamphlet, è un difficile azzardo che nulla toglie alla sua capacità di coinvolgimento. L&#8217;autore lo presenterà a <b>Macerata Racconta</b> in forma scenica, accompagnato dalla musica dal vivo dei Margareth.</p>
<p style="text-align: justify;"><strong>IL LIBRO</strong><br />
<a href="https://www.macerataracconta.it/wordpress/?attachment_id=2571" rel="attachment wp-att-2571"><img loading="lazy" decoding="async" class="alignright size-medium wp-image-2571" alt="Copertina-Maino" src="https://www.macerataracconta.it/wordpress/wp-content/uploads/2015/04/Copertina-Maino-189x300.jpg" width="189" height="300" srcset="https://www.macerataracconta.it/wordpress/wp-content/uploads/2015/04/Copertina-Maino-189x300.jpg 189w, https://www.macerataracconta.it/wordpress/wp-content/uploads/2015/04/Copertina-Maino.jpg 252w" sizes="(max-width: 189px) 100vw, 189px" /></a>Michele Tessari è un avvocato che avvocato non vuole essere, ex necroforo, affetto da un disturbo bipolare, intrappolato nella vita come una cavia isterica ma consenziente, persino complice. Un &#8220;complice debole&#8221; del mondo in cui è immerso. Il disfacimento della sua terra si rispecchia in quello della sua esistenza, inquinata da un odio &#8220;che cammina come l&#8217;infezione, dalle caviglie alla bocca&#8221;, dove si trasforma in grido. E quel grido investe la classe politica, le carceri, la giustizia, il sistema universitario, giù giù fino ai singoli individui, fino al narratore stesso, imbibito degli stessi mali contro cui si scaglia. È un grido modulato da una scrittura apocalittica, con una portentosa violenza evocativa. Non c&#8217;è consolazione in queste pagine, nessuna catarsi: solo letteratura. E, in letteratura, &#8220;coraggio&#8221; è soprattutto raccontare la verità. &#8220;Questo è il paese delle cose che stanno morendo. No. Questo è il paese dei corpi. Un paese pieno di corpi. Corpi che si svegliano morti, escono morti di casa, tornano morti; corpi che parcheggiano, scendono, sputano, corpi che si salutano, sbadigliano, bestemmiano sempre, fatturano. Corpi camminanti&#8221;.</p>

<p>Nome nuovo nel panorama letterario italiano, ma destinato a durare. Cartongesso, il suo libro d’esordio, che presenterà a Macerata in forma scenica accompagnato dalla musica dal vivo dei Margareth, ha vinto il Premio Calvino 2013, e cioè il premio dedicato ai libri inediti che nelle edizioni passate ha visto spiccare nomi che si sono imposti nel panorama [&hellip;]</p>
